{"id":172,"date":"2015-10-25T22:16:16","date_gmt":"2015-10-25T21:16:16","guid":{"rendered":"http:\/\/xn--wunderschn-mcb.info\/?page_id=172"},"modified":"2023-09-26T13:57:00","modified_gmt":"2023-09-26T11:57:00","slug":"kontakt","status":"publish","type":"page","link":"https:\/\/xn--wunderschn-mcb.info\/?page_id=172","title":{"rendered":"Kontakt"},"content":{"rendered":"<div id=\"pl-172\"  class=\"panel-layout\" ><div id=\"pg-172-0\"  class=\"panel-grid panel-has-style\" ><div style=\"text-align: center;padding: 75px 0; \" data-overlay=\"true\" class=\"panel-row-style panel-row-style-for-172-0\" ><div id=\"pgc-172-0-0\"  class=\"panel-grid-cell panel-grid-cell-empty\" ><\/div><div id=\"pgc-172-0-1\"  class=\"panel-grid-cell panel-grid-cell-mobile-last\" ><div id=\"panel-172-0-1-0\" class=\"so-panel widget widget_sow-editor panel-first-child panel-last-child\" data-index=\"0\" ><div class=\"panel-widget-style panel-widget-style-for-172-0-1-0\" ><div\n\t\t\t\n\t\t\tclass=\"so-widget-sow-editor so-widget-sow-editor-base\"\n\t\t\t\n\t\t><h3 class=\"widget-title\">Kontakt Formular<\/h3>\n<div class=\"siteorigin-widget-tinymce textwidget\">\n\t<p><img data-attachment-id=\"1163\" data-permalink=\"https:\/\/xn--wunderschn-mcb.info\/?attachment_id=1163\" data-orig-file=\"https:\/\/xn--wunderschn-mcb.info\/wp-content\/uploads\/2023\/09\/Wundersch\u00f6n-Eingang-3-scaled.jpg\" data-orig-size=\"2560,1980\" data-comments-opened=\"0\" data-image-meta=\"{&quot;aperture&quot;:&quot;1.8&quot;,&quot;credit&quot;:&quot;&quot;,&quot;camera&quot;:&quot;iPhone 8&quot;,&quot;caption&quot;:&quot;&quot;,&quot;created_timestamp&quot;:&quot;1659513442&quot;,&quot;copyright&quot;:&quot;&quot;,&quot;focal_length&quot;:&quot;3.99&quot;,&quot;iso&quot;:&quot;20&quot;,&quot;shutter_speed&quot;:&quot;0.0064935064935065&quot;,&quot;title&quot;:&quot;&quot;,&quot;orientation&quot;:&quot;1&quot;}\" data-image-title=\"Wundersch\u00f6n Eingang (3)\" data-image-description=\"\" data-image-caption=\"\" data-medium-file=\"https:\/\/xn--wunderschn-mcb.info\/wp-content\/uploads\/2023\/09\/Wundersch\u00f6n-Eingang-3-300x232.jpg\" data-large-file=\"https:\/\/xn--wunderschn-mcb.info\/wp-content\/uploads\/2023\/09\/Wundersch\u00f6n-Eingang-3-1024x792.jpg\" loading=\"lazy\" decoding=\"async\" class=\"alignnone wp-image-1163 size-large\" src=\"https:\/\/xn--wunderschn-mcb.info\/wp-content\/uploads\/2023\/09\/Wundersch\u00f6n-Eingang-3-1024x792.jpg\" alt=\"\" width=\"1024\" height=\"792\" srcset=\"https:\/\/xn--wunderschn-mcb.info\/wp-content\/uploads\/2023\/09\/Wundersch\u00f6n-Eingang-3-1024x792.jpg 1024w, https:\/\/xn--wunderschn-mcb.info\/wp-content\/uploads\/2023\/09\/Wundersch\u00f6n-Eingang-3-300x232.jpg 300w, https:\/\/xn--wunderschn-mcb.info\/wp-content\/uploads\/2023\/09\/Wundersch\u00f6n-Eingang-3-768x594.jpg 768w, https:\/\/xn--wunderschn-mcb.info\/wp-content\/uploads\/2023\/09\/Wundersch\u00f6n-Eingang-3-1536x1188.jpg 1536w, https:\/\/xn--wunderschn-mcb.info\/wp-content\/uploads\/2023\/09\/Wundersch\u00f6n-Eingang-3-2048x1584.jpg 2048w, https:\/\/xn--wunderschn-mcb.info\/wp-content\/uploads\/2023\/09\/Wundersch\u00f6n-Eingang-3-830x642.jpg 830w, https:\/\/xn--wunderschn-mcb.info\/wp-content\/uploads\/2023\/09\/Wundersch\u00f6n-Eingang-3-230x178.jpg 230w, https:\/\/xn--wunderschn-mcb.info\/wp-content\/uploads\/2023\/09\/Wundersch\u00f6n-Eingang-3-350x271.jpg 350w\" sizes=\"auto, (max-width: 1024px) 100vw, 1024px\" \/><\/p>\n<p>Vielen Dank f\u00fcr Ihr Interesse an meinem Angebot. F\u00fcr Terminabsprachen oder sonstige Fragen k\u00f6nnen Sie mich telefonisch unter 0 41 78 \/ 89 99 715 erreichen oder das unten stehende Kontakt Formular nutzen. Wenn Sie einen R\u00fcckruf w\u00fcnschen, achten Sie bitte darauf, dass Ihre angegebene Telefonnummer korrekt ist. \ud83d\ude09<\/p>\n\n<div class=\"wpcf7 no-js\" id=\"wpcf7-f188-o1\" lang=\"de-DE\" dir=\"ltr\" data-wpcf7-id=\"188\">\n<div class=\"screen-reader-response\"><p role=\"status\" aria-live=\"polite\" aria-atomic=\"true\"><\/p> <ul><\/ul><\/div>\n<form action=\"\/index.php?rest_route=%2Fwp%2Fv2%2Fpages%2F172#wpcf7-f188-o1\" method=\"post\" class=\"wpcf7-form init\" aria-label=\"Kontaktformular\" novalidate=\"novalidate\" data-status=\"init\">\n<div style=\"display: none;\">\n<input type=\"hidden\" name=\"_wpcf7\" value=\"188\" \/>\n<input type=\"hidden\" name=\"_wpcf7_version\" value=\"6.0.6\" \/>\n<input type=\"hidden\" name=\"_wpcf7_locale\" value=\"de_DE\" \/>\n<input type=\"hidden\" name=\"_wpcf7_unit_tag\" value=\"wpcf7-f188-o1\" \/>\n<input type=\"hidden\" name=\"_wpcf7_container_post\" value=\"0\" \/>\n<input type=\"hidden\" name=\"_wpcf7_posted_data_hash\" value=\"\" \/>\n<\/div>\n<p>Ihr Name (Pflichtfeld)\n<\/p>\n<p><span class=\"wpcf7-form-control-wrap\" data-name=\"your-name\"><input size=\"40\" maxlength=\"400\" class=\"wpcf7-form-control wpcf7-text wpcf7-validates-as-required\" aria-required=\"true\" aria-invalid=\"false\" value=\"\" type=\"text\" name=\"your-name\" \/><\/span>\n<\/p>\n<p>Ihre E-Mail Adresse (Pflichtfeld)\n<\/p>\n<p><span class=\"wpcf7-form-control-wrap\" data-name=\"your-email\"><input size=\"40\" maxlength=\"400\" class=\"wpcf7-form-control wpcf7-email wpcf7-validates-as-required wpcf7-text wpcf7-validates-as-email\" aria-required=\"true\" aria-invalid=\"false\" value=\"\" type=\"email\" name=\"your-email\" \/><\/span>\n<\/p>\n<p>Ihre Telefon-Nummer (Pflichtfeld)\n<\/p>\n<p><span class=\"wpcf7-form-control-wrap\" data-name=\"your-phone\"><input size=\"40\" maxlength=\"400\" class=\"wpcf7-form-control wpcf7-text wpcf7-validates-as-required\" aria-required=\"true\" aria-invalid=\"false\" value=\"\" type=\"text\" name=\"your-phone\" \/><\/span>\n<\/p>\n<p>Betreff\n<\/p>\n<p><span class=\"wpcf7-form-control-wrap\" data-name=\"your-subject\"><input size=\"40\" maxlength=\"400\" class=\"wpcf7-form-control wpcf7-text\" aria-invalid=\"false\" placeholder=\"(z.B. Terminanfrage, Gutscheinabholung, etc.)\" value=\"\" type=\"text\" name=\"your-subject\" \/><\/span>\n<\/p>\n<p>Ihre Nachricht (Pflichtfeld)\n<\/p>\n<p><span class=\"wpcf7-form-control-wrap\" data-name=\"your-message\"><textarea cols=\"40\" rows=\"10\" maxlength=\"2000\" class=\"wpcf7-form-control wpcf7-textarea wpcf7-validates-as-required\" aria-required=\"true\" aria-invalid=\"false\" name=\"your-message\"><\/textarea><\/span>\n<\/p>\n<p><input class=\"wpcf7-form-control wpcf7-submit has-spinner\" type=\"submit\" value=\"Senden\" \/>\n<\/p><div class=\"wpcf7-response-output\" aria-hidden=\"true\"><\/div>\n<\/form>\n<\/div>\n\n<\/div>\n<\/div><\/div><\/div><\/div><div id=\"pgc-172-0-2\"  class=\"panel-grid-cell panel-grid-cell-empty\" ><\/div><\/div><\/div><\/div>","protected":false},"excerpt":{"rendered":"<p>Vielen Dank f\u00fcr Ihr Interesse an meinem Angebot. F\u00fcr Terminabsprachen oder sonstige Fragen k\u00f6nnen Sie mich telefonisch unter 0 41 78 \/ [&hellip;]<\/p>\n","protected":false},"author":1,"featured_media":0,"parent":0,"menu_order":0,"comment_status":"closed","ping_status":"closed","template":"page-templates\/page_front-page.php","meta":{"footnotes":""},"class_list":["post-172","page","type-page","status-publish","hentry"],"jetpack_shortlink":"https:\/\/wp.me\/P6UnmH-2M","jetpack_sharing_enabled":true,"_links":{"self":[{"href":"https:\/\/xn--wunderschn-mcb.info\/index.php?rest_route=\/wp\/v2\/pages\/172","targetHints":{"allow":["GET"]}}],"collection":[{"href":"https:\/\/xn--wunderschn-mcb.info\/index.php?rest_route=\/wp\/v2\/pages"}],"about":[{"href":"https:\/\/xn--wunderschn-mcb.info\/index.php?rest_route=\/wp\/v2\/types\/page"}],"author":[{"embeddable":true,"href":"https:\/\/xn--wunderschn-mcb.info\/index.php?rest_route=\/wp\/v2\/users\/1"}],"replies":[{"embeddable":true,"href":"https:\/\/xn--wunderschn-mcb.info\/index.php?rest_route=%2Fwp%2Fv2%2Fcomments&post=172"}],"version-history":[{"count":28,"href":"https:\/\/xn--wunderschn-mcb.info\/index.php?rest_route=\/wp\/v2\/pages\/172\/revisions"}],"predecessor-version":[{"id":1164,"href":"https:\/\/xn--wunderschn-mcb.info\/index.php?rest_route=\/wp\/v2\/pages\/172\/revisions\/1164"}],"wp:attachment":[{"href":"https:\/\/xn--wunderschn-mcb.info\/index.php?rest_route=%2Fwp%2Fv2%2Fmedia&parent=172"}],"curies":[{"name":"wp","href":"https:\/\/api.w.org\/{rel}","templated":true}]}}